1 = 4*n + 4*j - 13731. What is the thousands digit of n?
6
Let n(q) = 26*q**3 - 5*q**2 + 33*q + 6. Let s be n(5). Suppose -79*i = -75*i - s. What is the units digit of i?
4
Suppose 8374*j - 26878 = 8373*j. What is the hundreds digit of j?
8
Let g = -3542 + 2458. Let v = -291 - g. What is the units digit of v?
3
Suppose -2*r + 7 = -3. Suppose r*a + 4*i = 1059 - 58, -5*a = -5*i - 1010. Let u = a + -124. What is the units digit of u?
7
Let o(z) = z**2 - z + 3. Let l be o(0). Suppose r - 669 = -l*w + 709, 0 = -5*r - 10. What is the hundreds digit of w?
4
Suppose 5*g = -3*h + 2*h + 15820, 4*g - 6*h = 12690. What is the thousands digit of g?
3
Suppose 43 - 28 = 5*i. Suppose -i*f = 187 - 526. Let o = -54 + f. What is the tens digit of o?
5
Let z = -8648 - -32144. What is the ten thousands digit of z?
2
Suppose 3*s = -3*s + 732. Suppose 127*r - s*r = -120. What is the hundreds digit of (-4)/6 - 4624/r?
1
Let b(w) = -2*w - 2. Let y be b(-3). Let x(r) = 2*r - 1. Let n(i) = i**2 + 15*i - 9. Let j(q) = n(q) - 2*x(q). What is the units digit of j(y)?
3
Let h be (-6)/(-4)*6 - 2. Suppose 10*a = -h*a + 1190. What is the tens digit of a?
7
Let s(d) = -d**2 + 8*d - 7. Let h be (5 - 1) + ((-35)/(-7) - 2). Let o be s(h). Suppose t - 5*m = -2*m + 45, o = -5*t - 4*m + 130. What is the units digit of t?
0
Let p(l) = -5*l**3 - 42*l**2 + 67*l - 73. What is the tens digit of p(-14)?
7
Let d = 3440 - 1886. What is the hundreds digit of d?
5
What is the hundreds digit of (-6 + 516212/(-69))*-6?
9
Let c(f) = 185 + 4*f - 119 - 2*f. What is the units digit of c(-15)?
6
Let d(q) = 37*q**2 + 2*q + 2. Let g be d(-3). Let s = 2051 - 2048. Suppose -177 = -2*n + a, s*n + 3*a = -n + g. What is the tens digit of n?
8
What is the units digit of (-24)/2 - (-176 - 51624)?
8
Let w = 1906 + 7097. Suppose 14*t = -3263 + w. What is the hundreds digit of t?
4
Suppose -3*f - 3926 - 646 = 4*l, -5*f - 2*l - 7634 = 0. Let s = f + 2344. What is the units digit of s?
6
Let i = -48 + 48. Suppose i = -0*o + 7*o. Suppose u - 196 = -0*u + 3*h, o = 4*u + 2*h - 784. What is the units digit of u?
6
Suppose 2*b + y - 151 = 2*y, -370 = -5*b + 4*y. Let r be (9 + -2)/((-6)/b). Let x = r - -176. What is the units digit of x?
5
What is the tens digit of (-100)/64*(-61092)/10 - (-9)/24?
4
Let l(o) = o + o - 5 + o - 8*o**2 + 4*o. Let f be l(2). Let k(u) = -u**2 - 35*u + 23. What is the units digit of k(f)?
9
Let v be (-1050)/(-8) + 12/16. Suppose -v*k = -131*k - 219. What is the tens digit of k?
1
Let q(a) = -a**3 + 17*a**2 - 65*a + 6. Let w be q(6). Suppose -2937 = h - w*h. What is the tens digit of h?
6
Let m(l) = -l**3 - 8*l**2 + l - 7. Let c be m(-8). Let p(u) = -8*u + 5. What is the hundreds digit of p(c)?
1
Let q = 9292 + -1548. What is the thousands digit of q?
7
What is the thousands digit of (49126/(-70) + 7)/((-1)/60 + 0)?
1
Suppose -m + 63 = -112. Suppose -5*q - 516 - 185 = -4*h, q + m = h. Let s = -7 + h. What is the hundreds digit of s?
1
Let r be (2 - 6/4)*(-33 + 7). Suppose -i = -3, -184 = 2*d - 5*i - 29. Let o = r - d. What is the units digit of o?
7
Suppose q + 200 = -d, 37*q + 5*d - 200 = 38*q. Let m = q - -917. What is the tens digit of m?
1
Suppose 0 = q + 9*q - 7180. Suppose -10*t - q = -5358. What is the tens digit of t?
6
Let u(v) = 3*v - 36. Let h(l) = -8*l + 107. Let b(a) = -4*h(a) - 11*u(a). Let k be b(18). Let c = k + 153. What is the tens digit of c?
0
Suppose 2*f = -x + 1148, 3*f + 7*x - 1722 = 9*x. What is the tens digit of f?
7
Suppose -313*c + 548*c - 3410320 = 0. What is the ten thousands digit of c?
1
Suppose 29*s = 24*s + 420. Suppose 4446 + s = 5*k. What is the units digit of k?
6
Suppose 7*c + 5919 + 8275 = 9*c. What is the units digit of c?
7
What is the units digit of (-455)/130*((-4296)/7 + (-4)/(-2))?
1
What is the thousands digit of (-608210)/(-48) + 345/552 - (-2)/6?
2
Suppose -80*b + 90*b - 537140 = 0. What is the units digit of b?
4
Suppose -4*q = -6*q - 3*v + 19, 3*v - 15 = 0. Let u(s) = q*s**2 + s**3 - s**3 - 8*s**2 - 3*s**3. What is the tens digit of u(-4)?
9
Suppose -10*z + 30 = -30. Suppose 3*v - z*h - 1192 = -h, 3*v + 4*h - 1147 = 0. What is the units digit of v?
9
Let k = 92 - 84. Suppose 65 - 161 = k*t. What is the tens digit of 2*(246 - 4)*(-3)/t?
2
Let q = 270 - 158. Suppose 3*w = 2*w - 3*u + 49, -3*w = 2*u - q. Suppose -5*b + 311 = -w. What is the units digit of b?
9
What is the hundreds digit of -8 + 6099 - 1 - -13?
1
Let l = -4340 + 6143. Suppose 0*d - 3*d = -3*x - l, -3*x = -5*d + 2995. Suppose 0 = -5*n + d + 269. What is the units digit of n?
3
Let f(q) = 4505*q - 2227. What is the units digit of f(2)?
3
Let h = 33384 - -21826. What is the thousands digit of h?
5
Suppose -19*u = -229*u + 5810070. What is the units digit of u?
7
Let q be 2/(-16)*(-4 - 2)*8. Let z(n) = 9*n**2 + n - 7. What is the hundreds digit of z(q)?
3
Let c be 3 - ((-10)/(-15))/(4/6). Let m be 0/c*2*(-3)/6. Suppose m = -4*v + 7*v - 222. What is the units digit of v?
4
Let m(t) be the first derivative of 13/3*t**3 - t**2 - 2*t - 18. What is the tens digit of m(-3)?
2
Suppose 523*z - 18 = 517*z. Suppose -4*d - 3*x + 1956 = 0, -x + 298 = z*d - 1169. What is the units digit of d?
9
Let j(r) = -1840*r + 1798*r + 73 + 43. What is the units digit of j(-13)?
2
Let q be 0/13*(-2)/4. What is the units digit of 7/(-35)*-5 - (-299 + q)?
0
Let x(j) = -j**3 + 27*j**2 - 19*j - 64. Suppose 27 = b - u, -115 = -3*b - 3*u - 40. What is the units digit of x(b)?
8
Let b(l) = 4*l**2 - 4*l + 3. Let m(f) = f**3 - 5*f**2 - 5*f + 3. Let i be m(6). Suppose -3*s - i = 3*o, -3*o + s + 1 = 2*s. What is the tens digit of b(o)?
1
Let y = 21808 - -1275. What is the tens digit of y?
8
Suppose 296*x = 300*x - 2*h - 4480, 2*h = 0. What is the tens digit of x?
2
Suppose 0 = -19*z - 58*z + 19019. What is the tens digit of z?
4
Let g(i) = -9*i**2 + 79*i - 149. Let s(y) = -5*y**2 + 40*y - 75. Let t(a) = -6*g(a) + 11*s(a). What is the tens digit of t(-27)?
5
Let s = -67 - -67. Suppose -q - 3*q + 3264 = s. Suppose 5*g - q = -g. What is the hundreds digit of g?
1
Let l = -10778 - -19577. What is the thousands digit of l?
8
Suppose 0 = 4*h + 180 + 148. Let f = -149 - h. Let r = -27 - f. What is the units digit of r?
0
Let p(x) = 201*x**2 - 520*x + 83. What is the units digit of p(16)?
9
Suppose 5*c = -3*p + 4 + 21, -5*c - p + 25 = 0. Suppose -4*m + 16 = 0, m = -c*w - 1167 + 3491. What is the hundreds digit of w?
4
Let l(j) = 93*j**2 + 8*j - 919. What is the tens digit of l(-25)?
0
Suppose -7*h = -8*h + 150. What is the units digit of -6*2/(-24)*h?
5
Let h(o) = -68*o**3 - 18*o**2 - 13*o - 12. What is the units digit of h(-5)?
3
Suppose -110*x + 105*x = 35, 2*x - 22354 = -u. What is the thousands digit of u?
2
What is the units digit of 3301928/112*(4 - -2 - 4)?
3
Let x = -6628 + 11203. What is the hundreds digit of x?
5
Suppose -138 = 5*f - 188. Suppose -12*c + f*c + 3082 = 2*l, 0 = -5*c - 15. What is the tens digit of l?
4
Suppose 2*b + 240 = 6*b. Suppose -8*z + 10*z = -5*m - 14, -z + 3*m + 15 = 0. Suppose z*i = -5*x + 365, 3*i - b = -x + 1. What is the tens digit of x?
7
What is the thousands digit of 62112 + 23/(345/(-300))?
2
Suppose 0 = 4*q - 12, -4*d - 2332 = q - 16647. What is the thousands digit of d?
3
Let m(h) be the first derivative of -93*h**2/2 - 107*h + 213. What is the tens digit of m(-12)?
0
Suppose 0 = -3*w + w - 12. Suppose -34*n + 15 = -19*n. What is the tens digit of (-3)/n - 474/w?
7
Let t = 146 + -129. Suppose -t*w - 500 = -3*g - 15*w, -w = -5. What is the tens digit of g?
7
Let m = 116 + -106. Suppose 0 = -m*r - 126 - 694. Let g = 23 - r. What is the units digit of g?
5
Let u(k) = -k**3 - 8*k**2 + 7*k - 18. Let j be u(-9). Suppose j = -62*g + 16534 + 38274. What is the units digit of g?
4
Suppose -120*v - 3*s = -115*v - 99993, v + s - 20001 = 0. What is the units digit of v?
5
Let v(h) = h**2 - h - 12. Let r be v(4). Let g(j) = -11*j + 35. Let u be g(3). Suppose -3 = s, r*a + u*s + 96 = 2*a. What is the units digit of a?
5
Let g = 12761 - 635. What is the tens digit of g?
2
Let g(v) = 66 + 2*v - 23 - 25 - 28. Let r be g(5). Suppose 3*d + 5*m + r*m - 175 = 0, -2*m = -d + 40. What is the units digit of d?
0
Let w = 3343 - -1101. What is the tens digit of w?
4
Let h(i) = 4*i**3 - 3*i**2 - 3*i + 1. Supp